2 - 33*r + 24. Let b be t(-26). Suppose -2*j = -426 + b. Let d(n) = -2*n - 4. Let s be d(-7). Calculate the highest common divisor of s and j.
10
Suppose 13*l + 34*l = 4089. Suppose 51 = -l*q + 90*q. Let d = 72 + 47. What is the greatest common divisor of q and d?
17
Suppose 4*m + 64 - 48 = 0, 5*t - 256 = 4*m. Calculate the greatest common divisor of t and 246.
6
Suppose 28*o - 259 - 17 = 5*o. Calculate the highest common divisor of 516 and o.
12
Let g be ((-355)/(-100) + 1/5)*120/9. What is the greatest common divisor of g and 845?
5
Let u(r) = -9*r + 80. Let g be u(-7). Suppose -j + 5*w = -g, -116 - 192 = -2*j - w. What is the greatest common factor of j and 51?
51
Let c = 17168 + -16778. What is the highest common factor of 18 and c?
6
Let v(u) = -u**2 + 25*u - 94. Let k be v(5). Suppose k*n - 550 = 1364. What is the greatest common divisor of 22 and n?
11
Let t = -260 + -45. Let b = 310 + t. Let j(v) = -2*v - 1. Let o be j(-8). What is the greatest common divisor of b and o?
5
Let p = 329 + -87. Suppose -66 = -4*h + p. What is the greatest common divisor of 33 and h?
11
Suppose -5*i + 3*a = -588, 616 = 5*i + 4*a - 0*a. Let z = 138 - 142. Let l be (z + 23 - -3) + 2. What is the greatest common factor of i and l?
24
Let w(x) = 46*x - 10. Let c = -153 + 154. Let k be w(c). What is the highest common divisor of k and 270?
18
Let w = -92 + 110. Let k = w - -66. Calculate the highest common divisor of 48 and k.
12
Suppose -8*m + 83861 = 7*m - 62389. What is the highest common factor of 15 and m?
15
Suppose h + 91 - 96 = 0. Let z = 58 + -41. Let t = z + 23. What is the greatest common factor of h and t?
5
Let d be (120/80)/(9/420). What is the highest common divisor of d and 1810?
10
Let s(d) = -3*d. Let x be s(-4). Let u = 66 - x. Let m(v) = 486*v + 1485. Let r be m(-3). What is the greatest common divisor of u and r?
27
Suppose -2*p = 5*l - 63, -26 - 76 = -4*p - 2*l. Let t = -8272 + 8356. What is the highest common factor of p and t?
12
Let v(p) = 77*p + 493. Let r be v(-4). Calculate the highest common divisor of 4625 and r.
185
Let v(c) = c**3 + 15*c**2 + 2*c + 3. Let m be v(-13). Let g be 172/3354 + 19652/78. Calculate the greatest common divisor of m and g.
63
Suppose 4*v - 16 - 6 = -2*n, 5 = 2*v - n. Suppose 0 = 5*x - 5*b - 150, -17 = -2*x - v*b + 19. Calculate the highest common factor of x and 65.
13
Let b = 19145 + -18189. What is the greatest common factor of 4 and b?
4
Suppose 2*m - 3*h + 4 + 5 = 0, 2*m = h + 1. Suppose -m*d - 2*a + 619 = 0, -4*a + 0*a + 213 = d. What is the highest common divisor of d and 5?
5
Let g = -1794 - -1824. Calculate the highest common divisor of 4095 and g.
15
Let c(p) = -110*p + 4050. Let l be c(36). Let f be 1/((3/945)/1). What is the highest common divisor of f and l?
45
Suppose 4*m + 25 = 105. Let v be 2/(-38)*-17102 - m/190. What is the highest common divisor of v and 20?
20
Let s(z) = z + 37. Let v be s(-17). Suppose 0*j = 2*j. Suppose 4*g - 16 = -j. Calculate the highest common factor of g and v.
4
Let j be -1 - (-134)/(-5 - -7). Let n be 0/(1*-2) - (6 - 12). Calculate the highest common divisor of j and n.
6
Let d be 38 + -1 + -5 + -5. Let g(v) = -9*v**2 - 8*v - 9 - 2*v**3 - 3*v**2 + 15. Let c be g(-6). What is the highest common divisor of d and c?
27
Let t(i) = -47*i - 3. Let b be t(-2). Let d = 582 + -556. What is the highest common factor of b and d?
13
Let u be (-1 - (-19)/4)*(2208 - 1392). Calculate the highest common divisor of 100 and u.
20
Suppose 36 = 3*d - 36. Suppose 4*r + 0*r - d = 0. Suppose -4*v = v - 240. What is the highest common factor of v and r?
6
Let i = 33 + -31. Suppose -5*n - i = 2*f + 2*f, 2*n = -f - 2. Suppose -f*b = t - b - 14, 3*t - 47 = -4*b. Calculate the highest common factor of 72 and t.
9
Suppose 268 = q - 3*a, -42*q = -44*q + 4*a + 544. Calculate the highest common divisor of 196 and q.
28
Suppose -3*t - 72 = -6*t. Let i = t - 19. Suppose -109 = -i*d + 2*c, d - 36 = -d - 3*c. What is the highest common divisor of d and 7?
7
Suppose 4 = 2*k - 3*r, k - r - 1 - 2 = 0. Suppose 2*y = -8, 0 = -0*j - 5*j - k*y - 155. Let m = j - -32. What is the highest common factor of m and 55?
5
Let s(u) = -60*u - 1560. Let n be s(-28). Let c = 180 - 100. What is the highest common factor of c and n?
40
Let f(l) = -l**2 - 23*l - 84. Let w be f(-10). What is the greatest common factor of 4 and w?
2
Let p(t) = 293 + 21*t - 111 - 150. Let v(j) = -10*j - 16. Let c(g) = 6*p(g) + 13*v(g). Let a be c(-5). What is the greatest common factor of a and 10?
2
Suppose 52*u = 3*d + 49*u - 459, -4*u + 720 = 5*d. What is the highest common factor of d and 370?
74
Suppose 3*l + 3*i - 10 = 5, 2*l - 3*i + 10 = 0. Suppose -11*z + 18*z = -3*z + 210. Suppose u - z = -l. Calculate the highest common divisor of u and 160.
20
Let c be ((-2682)/(-21) - -2) + (5 - 759/161). What is the greatest common factor of 156 and c?
26
Let x = 335 - 231. Let h be 6/4*234/27. Calculate the greatest common factor of x and h.
13
Suppose 2*t - 13 = -5. Suppose -l + t*l + w = 36, 4*w = -12. Let z = 332989 + -332846. Calculate the highest common divisor of l and z.
13
Let a(g) = 177*g - 3002. Let n be a(17). What is the highest common factor of n and 106?
1
Suppose -6285 = -21*f - 1849 + 2935. What is the highest common factor of f and 54?
27
Let t be ((-52)/(-20))/((-3)/(-45)). Suppose 4*v + 2*w - w = t, 0 = -2*v + 3*w + 23. Calculate the highest common divisor of 1 and v.
1
Let h = 15606 - 15631. Suppose -73 = -d - 4*a + 3*a, 4*a - 154 = -2*d. Let b = h + d. Calculate the greatest common divisor of b and 4.
4
Let l be 125/(-40) + 3 + 9366/48. What is the greatest common factor of l and 936?
39
Let k = -4984 + 17489. Calculate the greatest common divisor of k and 610.
305
Suppose -88 = -r - 84. Let z be r/3 - 356/(-12)*4. Calculate the greatest common factor of z and 8.
8
Suppose 62*n - 117*n = -76*n + 107415. Calculate the greatest common divisor of n and 110.
55
Let s = 110 - 103. Suppose 15 = s*g - 125. Calculate the highest common factor of 60 and g.
20
Let h(n) = -17*n + 2. Let d be h(-2). What is the greatest common factor of d and 450?
18
Suppose 5*g - 5*o = 20, -5*o + 9 - 29 = g. Suppose 4*p - p + j = 56, 2*p + 3*j - 28 = g. Let a = 38 - p. What is the greatest common factor of 54 and a?
18
Let t be (13/(52/(-54)))/((-21)/28). Suppose 5*q + 4*y = 3*y - 320, -2*q = -2*y + 140. Let m be 2 + 1*-4 - q. Calculate the highest common divisor of t and m.
9
Let v(a) = 13. Let d(u) = 2*u + 38. Let r(m) = -3*d(m) + 8*v(m). Let l be r(-11). Calculate the greatest common factor of 14 and l.
14
Let a be (-34 - -54) + 6 + 504. Calculate the highest common divisor of a and 270.
10
Suppose 4*t + 102 - 125 = g, -27 = -5*t + 3*g. What is the greatest common factor of 978 and t?
6
Suppose 3*h + 5 = -2*o + 102, 5*h - 4*o = 169. Suppose -x - 5*x + 198 = 0. Calculate the greatest common divisor of h and x.
33
Let z(s) = 20*s - 10. Let c be z(7). Suppose 0 = 13*f - 65 - c. Calculate the greatest common factor of 105 and f.
15
Let i = 1790891 - 1790872. Let r be ((-1)/(-1))/((-3)/(-327)). Let g = r + -71. What is the greatest common divisor of i and g?
19
Let a be (101 - 104) + (-12)/(-3). Calculate the greatest common factor of 3488 and a.
1
Let g be 2*(-7)/14*(-118)/(-2). Let s = -54 - g. Suppose -2 = -3*w + 7, i = s*w + 139. Calculate the highest common divisor of i and 22.
22
Let p be 22/10 + 91912/40. Calculate the greatest common factor of p and 300.
100
Suppose -3*p - 1371 = -3*n, -n - p + 1803 = 3*n. Suppose -2*r - 5*w + n = 0, 0 = 8*r - 3*r - 3*w - 1068. What is the greatest common factor of r and 8?
8
Let d(x) = -2721*x - 1348. Let g be d(-4). Calculate the highest common divisor of g and 149.
149
Let u(a) = 260*a - 1788. Let z be u(10). Calculate the greatest common divisor of 6902 and z.
406
Suppose -4609 - 1135 = -8*s + 3472. What is the highest common divisor of 320 and s?
64
Let c(j) = -57*j - 1875. Let v be c(-35). Calculate the greatest common divisor of 2940 and v.
60
Suppose 726*y = 709*y + 51000. Calculate the greatest common divisor of 480 and y.
120
Suppose -2*c = -4*f + 5566, 2*f + 15*c - 20*c = 2755. Calculate the greatest common divisor of 45 and f.
45
Let u be ((-3)/(-45)*-5)/((-2)/24). Let m(w) = w**3 - w**2 - 15